{"id":3,"date":"2021-03-26T00:12:25","date_gmt":"2021-03-25T23:12:25","guid":{"rendered":"http:\/\/www.arco-group.be\/?page_id=3"},"modified":"2021-05-03T15:41:39","modified_gmt":"2021-05-03T13:41:39","slug":"politique-de-confidentialite","status":"publish","type":"page","link":"https:\/\/www.arco-group.be\/index.php\/politique-de-confidentialite\/","title":{"rendered":"Politique de confidentialit\u00e9"},"content":{"rendered":"[et_pb_section fb_built=&#8221;1&#8243; admin_label=&#8221;section&#8221; _builder_version=&#8221;4.9.4&#8243; background_color=&#8221;#000000&#8243;][et_pb_row admin_label=&#8221;row&#8221; _builder_version=&#8221;3.25&#8243; background_size=&#8221;initial&#8221; background_position=&#8221;top_left&#8221; background_repeat=&#8221;repeat&#8221;][et_pb_column type=&#8221;4_4&#8243; _builder_version=&#8221;3.25&#8243; custom_padding=&#8221;|||&#8221; custom_padding__hover=&#8221;|||&#8221;][et_pb_post_title meta=&#8221;off&#8221; _builder_version=&#8221;4.9.4&#8243; _module_preset=&#8221;default&#8221; title_text_color=&#8221;#FFFFFF&#8221; title_font_size=&#8221;40px&#8221; custom_margin=&#8221;||19px|||&#8221;][\/et_pb_post_title][et_pb_text admin_label=&#8221;Text&#8221; _builder_version=&#8221;4.9.4&#8243; text_text_color=&#8221;#FFFFFF&#8221; header_text_color=&#8221;#FFFFFF&#8221; header_4_text_color=&#8221;#FFFFFF&#8221; background_size=&#8221;initial&#8221; background_position=&#8221;top_left&#8221; background_repeat=&#8221;repeat&#8221; custom_margin=&#8221;1px|||||&#8221;]<p><\/p>\n<h4 class=\"wp-block-heading\"><strong>Qui sommes-nous\u00a0?<\/strong><\/h4>\n<p>L\u2019adresse de notre site Web est : https:\/\/arco-group.be. L\u2019acc\u00e8s \u00e0 ce site se fait sous r\u00e9serve de l\u2019acceptation des conditions ci-dessous.<\/p>\n<p>Le nom de domaine et le site appartiennent \u00e0 Arco Group<br \/><span>28 Rue Basse Hermalle 4600 VIS\u00c9<br \/>TVA: BE763.525.701<\/span><\/p>\n<p>H\u00e9bergeur:<br \/>OVH<br \/><span>SAS au capital de 10 069 020 \u20ac<\/span><br \/><span>RCS Lille M\u00e9tropole 424 761 419 00045<\/span><br \/><span>Code APE 2620Z<\/span><br \/><span>N\u00b0 TVA : FR 22 424 761 419<\/span><br \/><span>Si\u00e8ge social : 2 rue Kellermann &#8211; 59100 Roubaix &#8211; France<\/span><br \/><span><\/span><span><\/span><\/p>\n<p><span><\/span><\/p>\n<h4><strong>Propri\u00e9t\u00e9 intellectuelle<\/strong><\/h4>\n<p>Le contenu de ce site ne peut \u00eatre reproduit, que ce soit partiellement ou totalement. Arco Group se r\u00e9serve le droit d\u2019entreprendre toutes les d\u00e9marches n\u00e9cessaires en cas d\u2019infraction.<strong><\/strong><\/p>\n<h4><strong>Utilisation des donn\u00e9es personnelles collect\u00e9es<\/strong><\/h4>\n<p>Pour des raisons statistiques et de qualit\u00e9, nous collectons certaines donn\u00e9es pour mesurer l\u2019audience du site internet.<\/p>\n<p>Les donn\u00e9es utilis\u00e9es sont les suivantes:<br \/>I. Des informations sur votre ordinateur, y compris votre adresse IP, votre localisation g\u00e9ographique, le type, la version de votre navigateur internet et le syst\u00e8me d\u2019exploitation utilis\u00e9.<\/p>\n<p>II. Les informations concernant le nombre de visites et votre utilisation de ce site web, y compris la source (veuillez consulter les politiques de confidentialit\u00e9 des sources respectives. Ex: r\u00e9seaux sociaux), la dur\u00e9e de la visite, les pages vues et les chemins de navigation du site Web.<\/p>\n<p>III. L\u2019ensemble des informations que vous nous communiquez.<\/p>\n<p>Consultez notre<span style=\"color: #e4001b;\"><a href=\"https:\/\/www.arco-group.be\/index.php\/politique-de-cookies\/\" style=\"color: #e4001b;\">\u00a0politique d\u2019utilisation de cookies<\/a><\/span>.<\/p>\n<h4><strong>Utilisation et transmission de vos donn\u00e9es personnelles<\/strong><\/h4>\n<p>La prise de contact est possible par t\u00e9l\u00e9phone, mail ou via les r\u00e9seaux sociaux. Les donn\u00e9es personnelles ne seront en aucun cas transmises et\/ou vendues \u00e0 des tiers.<\/p>\n<p>Il en va de m\u00eame pour les informations transmises via le formulaire de contact. Aucune newsletter n\u2019est mise en place via ce site internet. Ces donn\u00e9es seront donc utilis\u00e9es exclusivement pour la communication et le lien purement commercial entre Arco Group et ses prospects\/clients.<\/p>\n<p>Vos donn\u00e9es sont susceptibles d\u2019\u00eatre utilis\u00e9es par les sites dont certains \u00e9l\u00e9ments (contenu embarqu\u00e9) peuvent figurer dans le pr\u00e9sent site. Ces m\u00eames sources peuvent recourir aux cookies et outils de suivi.<\/p>\n<p><strong>Dur\u00e9es de stockage de vos donn\u00e9es<\/strong><\/p>\n<p>Les donn\u00e9es sont conserv\u00e9es pendant toute la dur\u00e9e de la relation contractuelle. Apres cette derni\u00e8re, les donn\u00e9es sont anonymis\u00e9es.<\/p>\n<p>Nous conseillons tout de m\u00eame de consulter les politiques de confidentialit\u00e9 des r\u00e9seaux sociaux et des services par lesquels nous passons (WordPress, Google Analytics) afin d\u2019avoir une information la plus compl\u00e8te possible.<\/p>\n<p><strong>Les droits que vous avez sur vos donn\u00e9es<\/strong><\/p>\n<p>Vous pouvez demander la suppression des donn\u00e9es personnelles vous concernant. Cela ne prend pas en compte les donn\u00e9es stock\u00e9es \u00e0 des fins administratives, l\u00e9gales ou pour des raisons de s\u00e9curit\u00e9.<\/p>\n<p><strong>Responsabilit\u00e9s<\/strong><\/p>\n<p>En aucun cas les engagements d\u00e9finis aux points ci-dessus relatifs \u00e0 la notification en cas de faille de s\u00e9curit\u00e9 ne peuvent \u00eatre assimil\u00e9s \u00e0 une quelconque reconnaissance de faute ou de responsabilit\u00e9 quant \u00e0 la survenance de l\u2019incident en question.<\/p>\n<p><strong>Informations de contact<\/strong><\/p>\n<p>Pour toute question relative \u00e0 la protection des donn\u00e9es, veuillez vous adresser \u00e0 m.maret@marcomet.be.<\/p>\n<p>Pour toute plainte, veuillez contacter http:\/\/autoriteprotectiondonnees.be.<\/p>\n<h4><strong>Comment nous prot\u00e9geons vos donn\u00e9es<\/strong><\/h4>\n<p>Dans un souci de s\u00e9curit\u00e9, un ensemble de mesures organisationnelles et techniques sont prises pour faire face aux risques li\u00e9s au traitement des donn\u00e9es.<\/p>\n<h4><strong>Proc\u00e9dure en cas de faille de s\u00e9curit\u00e9<\/strong><\/h4>\n<p>Nous prenons toutes les mesures techniques et organisationnelles appropri\u00e9es afin de garantir un niveau de s\u00e9curit\u00e9 adapt\u00e9 au regard des risques d\u2019acc\u00e8s accidentels, non autoris\u00e9s ou ill\u00e9gaux, de divulgation, d\u2019alt\u00e9ration, de perte ou encore de destruction de vos donn\u00e9es personnelles.<\/p>\n<p>Si un acc\u00e8s ill\u00e9gal et\/ou non autoris\u00e9 devait se produire, nous proc\u00e9derons comme suit :<br \/>1. Notifier l\u2019incident dans les plus brefs d\u00e9lais ;<br \/>2. Examiner les causes de l\u2019incident et vous en informer ;<br \/>3. Prendre les mesures n\u00e9cessaires afin d\u2019amoindrir les effets n\u00e9gatifs et pr\u00e9judices pouvant r\u00e9sulter dudit incident.<\/p>\n<h4><strong>Modification de la politique de confidentialit\u00e9<\/strong><\/h4>\n<p>Le pr\u00e9sent document peut \u00eatre modifi\u00e9 \u00e0 tout moment. Ces \u00e9ventuelles modifications seront suivies par une publication sur le site internet.<\/p>\n<p><\/p>[\/et_pb_text][\/et_pb_column][\/et_pb_row][\/et_pb_section]","protected":false},"excerpt":{"rendered":"<p>Qui sommes-nous\u00a0? L\u2019adresse de notre site Web est : https:\/\/arco-group.be. L\u2019acc\u00e8s \u00e0 ce site se fait sous r\u00e9serve de l\u2019acceptation des conditions ci-dessous. Le nom de domaine et le site appartiennent \u00e0 Arco Group28 Rue Basse Hermalle 4600 VIS\u00c9TVA: BE763.525.701 H\u00e9bergeur:OVHSAS au capital de 10 069 020 \u20acRCS Lille M\u00e9tropole 424 761 419 00045Code APE [&hellip;]<\/p>\n","protected":false},"author":1,"featured_media":0,"parent":0,"menu_order":0,"comment_status":"closed","ping_status":"closed","template":"","meta":{"_et_pb_use_builder":"on","_et_pb_old_content":"<!-- wp:heading --><h2>Qui sommes-nous\u00a0?<\/h2><!-- \/wp:heading --><!-- wp:paragraph --><p>L\u2019adresse de notre site Web est\u00a0: http:\/\/www.arco-group.be.<\/p><!-- \/wp:paragraph --><!-- wp:heading --><h2>Utilisation des donn\u00e9es personnelles collect\u00e9es<\/h2><!-- \/wp:heading --><!-- wp:heading {\"level\":3} --><h3>Commentaires<\/h3><!-- \/wp:heading --><!-- wp:paragraph --><p>Quand vous laissez un commentaire sur notre site web, les donn\u00e9es inscrites dans le formulaire de commentaire, mais aussi votre adresse IP et l\u2019agent utilisateur de votre navigateur sont collect\u00e9s pour nous aider \u00e0 la d\u00e9tection des commentaires ind\u00e9sirables.<\/p><!-- \/wp:paragraph --><!-- wp:paragraph --><p>Une cha\u00eene anonymis\u00e9e cr\u00e9\u00e9e \u00e0 partir de votre adresse de messagerie (\u00e9galement appel\u00e9e hash) peut \u00eatre envoy\u00e9e au service Gravatar pour v\u00e9rifier si vous utilisez ce dernier. Les clauses de confidentialit\u00e9 du service Gravatar sont disponibles ici\u00a0: https:\/\/automattic.com\/privacy\/. Apr\u00e8s validation de votre commentaire, votre photo de profil sera visible publiquement \u00e0 cot\u00e9 de votre commentaire.<\/p><!-- \/wp:paragraph --><!-- wp:heading {\"level\":3} --><h3>M\u00e9dias<\/h3><!-- \/wp:heading --><!-- wp:paragraph --><p>Si vous \u00eates un utilisateur ou une utilisatrice enregistr\u00e9\u00b7e et que vous t\u00e9l\u00e9versez des images sur le site web, nous vous conseillons d\u2019\u00e9viter de t\u00e9l\u00e9verser des images contenant des donn\u00e9es EXIF de coordonn\u00e9es GPS. Les visiteurs de votre site web peuvent t\u00e9l\u00e9charger et extraire des donn\u00e9es de localisation depuis ces images.<\/p><!-- \/wp:paragraph --><!-- wp:heading {\"level\":3} --><h3>Formulaires de contact<\/h3><!-- \/wp:heading --><!-- wp:heading {\"level\":3} --><h3>Cookies<\/h3><!-- \/wp:heading --><!-- wp:paragraph --><p>Si vous d\u00e9posez un commentaire sur notre site, il vous sera propos\u00e9 d\u2019enregistrer votre nom, adresse de messagerie et site web dans des cookies. C\u2019est uniquement pour votre confort afin de ne pas avoir \u00e0 saisir ces informations si vous d\u00e9posez un autre commentaire plus tard. Ces cookies expirent au bout d\u2019un an.<\/p><!-- \/wp:paragraph --><!-- wp:paragraph --><p>Si vous vous rendez sur la page de connexion, un cookie temporaire sera cr\u00e9\u00e9 afin de d\u00e9terminer si votre navigateur accepte les cookies. Il ne contient pas de donn\u00e9es personnelles et sera supprim\u00e9 automatiquement \u00e0 la fermeture de votre navigateur.<\/p><!-- \/wp:paragraph --><!-- wp:paragraph --><p>Lorsque vous vous connecterez, nous mettrons en place un certain nombre de cookies pour enregistrer vos informations de connexion et vos pr\u00e9f\u00e9rences d\u2019\u00e9cran. La dur\u00e9e de vie d\u2019un cookie de connexion est de deux jours, celle d\u2019un cookie d\u2019option d\u2019\u00e9cran est d\u2019un an. Si vous cochez \u00ab\u00a0Se souvenir de moi\u00a0\u00bb, votre cookie de connexion sera conserv\u00e9 pendant deux semaines. Si vous vous d\u00e9connectez de votre compte, le cookie de connexion sera effac\u00e9.<\/p><!-- \/wp:paragraph --><!-- wp:paragraph --><p>En modifiant ou en publiant une publication, un cookie suppl\u00e9mentaire sera enregistr\u00e9 dans votre navigateur. Ce cookie ne comprend aucune donn\u00e9e personnelle. Il indique simplement l\u2019ID de la publication que vous venez de modifier. Il expire au bout d\u2019un jour.<\/p><!-- \/wp:paragraph --><!-- wp:heading {\"level\":3} --><h3>Contenu embarqu\u00e9 depuis d\u2019autres sites<\/h3><!-- \/wp:heading --><!-- wp:paragraph --><p>Les articles de ce site peuvent inclure des contenus int\u00e9gr\u00e9s (par exemple des vid\u00e9os, images, articles\u2026). Le contenu int\u00e9gr\u00e9 depuis d\u2019autres sites se comporte de la m\u00eame mani\u00e8re que si le visiteur se rendait sur cet autre site.<\/p><!-- \/wp:paragraph --><!-- wp:paragraph --><p>Ces sites web pourraient collecter des donn\u00e9es sur vous, utiliser des cookies, embarquer des outils de suivis tiers, suivre vos interactions avec ces contenus embarqu\u00e9s si vous disposez d\u2019un compte connect\u00e9 sur leur site web.<\/p><!-- \/wp:paragraph --><!-- wp:heading {\"level\":3} --><h3>Statistiques et mesures d\u2019audience<\/h3><!-- \/wp:heading --><!-- wp:heading --><h2>Utilisation et transmission de vos donn\u00e9es personnelles<\/h2><!-- \/wp:heading --><!-- wp:heading --><h2>Dur\u00e9es de stockage de vos donn\u00e9es<\/h2><!-- \/wp:heading --><!-- wp:paragraph --><p>Si vous laissez un commentaire, le commentaire et ses m\u00e9tadonn\u00e9es sont conserv\u00e9s ind\u00e9finiment. Cela permet de reconna\u00eetre et approuver automatiquement les commentaires suivants au lieu de les laisser dans la file de mod\u00e9ration.<\/p><!-- \/wp:paragraph --><!-- wp:paragraph --><p>Pour les utilisateurs et utilisatrices qui s\u2019inscrivent sur notre site (si cela est possible), nous stockons \u00e9galement les donn\u00e9es personnelles indiqu\u00e9es dans leur profil. Tous les utilisateurs et utilisatrices peuvent voir, modifier ou supprimer leurs informations personnelles \u00e0 tout moment (\u00e0 l\u2019exception de leur nom d\u2019utilisateur\u00b7ice). Les gestionnaires du site peuvent aussi voir et modifier ces informations.<\/p><!-- \/wp:paragraph --><!-- wp:heading --><h2>Les droits que vous avez sur vos donn\u00e9es<\/h2><!-- \/wp:heading --><!-- wp:paragraph --><p>Si vous avez un compte ou si vous avez laiss\u00e9 des commentaires sur le site, vous pouvez demander \u00e0 recevoir un fichier contenant toutes les donn\u00e9es personnelles que nous poss\u00e9dons \u00e0 votre sujet, incluant celles que vous nous avez fournies. Vous pouvez \u00e9galement demander la suppression des donn\u00e9es personnelles vous concernant. Cela ne prend pas en compte les donn\u00e9es stock\u00e9es \u00e0 des fins administratives, l\u00e9gales ou pour des raisons de s\u00e9curit\u00e9.<\/p><!-- \/wp:paragraph --><!-- wp:heading --><h2>Transmission de vos donn\u00e9es personnelles<\/h2><!-- \/wp:heading --><!-- wp:paragraph --><p>Les commentaires des visiteurs peuvent \u00eatre v\u00e9rifi\u00e9s \u00e0 l\u2019aide d\u2019un service automatis\u00e9 de d\u00e9tection des commentaires ind\u00e9sirables.<\/p><!-- \/wp:paragraph --><!-- wp:heading --><h2>Informations de contact<\/h2><!-- \/wp:heading --><!-- wp:heading --><h2>Informations suppl\u00e9mentaires<\/h2><!-- \/wp:heading --><!-- wp:heading {\"level\":3} --><h3>Comment nous prot\u00e9geons vos donn\u00e9es<\/h3><!-- \/wp:heading --><!-- wp:heading {\"level\":3} --><h3>Proc\u00e9dures mises en \u0153uvre en cas de fuite de donn\u00e9es<\/h3><!-- \/wp:heading --><!-- wp:heading {\"level\":3} --><h3>Les services tiers qui nous transmettent des donn\u00e9es<\/h3><!-- \/wp:heading --><!-- wp:heading {\"level\":3} --><h3>Op\u00e9rations de marketing automatis\u00e9 et\/ou de profilage r\u00e9alis\u00e9es \u00e0 l\u2019aide des donn\u00e9es personnelles<\/h3><!-- \/wp:heading --><!-- wp:heading {\"level\":3} --><h3>Affichage des informations li\u00e9es aux secteurs soumis \u00e0 des r\u00e9gulations sp\u00e9cifiques<\/h3><!-- \/wp:heading -->","_et_gb_content_width":"","footnotes":""},"class_list":["post-3","page","type-page","status-publish","hentry"],"yoast_head":"<!-- This site is optimized with the Yoast SEO plugin v27.5 - https:\/\/yoast.com\/product\/yoast-seo-wordpress\/ -->\n<title>Politique de confidentialit\u00e9 - ARCO Group<\/title>\n<meta name=\"robots\" content=\"index, follow, max-snippet:-1, max-image-preview:large, max-video-preview:-1\" \/>\n<link rel=\"canonical\" href=\"https:\/\/www.arco-group.be\/index.php\/politique-de-confidentialite\/\" \/>\n<meta property=\"og:locale\" content=\"en_US\" \/>\n<meta property=\"og:type\" content=\"article\" \/>\n<meta property=\"og:title\" content=\"Politique de confidentialit\u00e9 - ARCO Group\" \/>\n<meta property=\"og:description\" content=\"Qui sommes-nous\u00a0? L\u2019adresse de notre site Web est : https:\/\/arco-group.be. L\u2019acc\u00e8s \u00e0 ce site se fait sous r\u00e9serve de l\u2019acceptation des conditions ci-dessous. Le nom de domaine et le site appartiennent \u00e0 Arco Group28 Rue Basse Hermalle 4600 VIS\u00c9TVA: BE763.525.701 H\u00e9bergeur:OVHSAS au capital de 10 069 020 \u20acRCS Lille M\u00e9tropole 424 761 419 00045Code APE [&hellip;]\" \/>\n<meta property=\"og:url\" content=\"https:\/\/www.arco-group.be\/index.php\/politique-de-confidentialite\/\" \/>\n<meta property=\"og:site_name\" content=\"ARCO Group\" \/>\n<meta property=\"article:modified_time\" content=\"2021-05-03T13:41:39+00:00\" \/>\n<meta name=\"twitter:card\" content=\"summary_large_image\" \/>\n<meta name=\"twitter:label1\" content=\"Est. reading time\" \/>\n\t<meta name=\"twitter:data1\" content=\"4 minutes\" \/>\n<script type=\"application\/ld+json\" class=\"yoast-schema-graph\">{\"@context\":\"https:\\\/\\\/schema.org\",\"@graph\":[{\"@type\":\"WebPage\",\"@id\":\"https:\\\/\\\/www.arco-group.be\\\/index.php\\\/politique-de-confidentialite\\\/\",\"url\":\"https:\\\/\\\/www.arco-group.be\\\/index.php\\\/politique-de-confidentialite\\\/\",\"name\":\"Politique de confidentialit\u00e9 - ARCO Group\",\"isPartOf\":{\"@id\":\"https:\\\/\\\/www.arco-group.be\\\/#website\"},\"datePublished\":\"2021-03-25T23:12:25+00:00\",\"dateModified\":\"2021-05-03T13:41:39+00:00\",\"breadcrumb\":{\"@id\":\"https:\\\/\\\/www.arco-group.be\\\/index.php\\\/politique-de-confidentialite\\\/#breadcrumb\"},\"inLanguage\":\"en-US\",\"potentialAction\":[{\"@type\":\"ReadAction\",\"target\":[\"https:\\\/\\\/www.arco-group.be\\\/index.php\\\/politique-de-confidentialite\\\/\"]}]},{\"@type\":\"BreadcrumbList\",\"@id\":\"https:\\\/\\\/www.arco-group.be\\\/index.php\\\/politique-de-confidentialite\\\/#breadcrumb\",\"itemListElement\":[{\"@type\":\"ListItem\",\"position\":1,\"name\":\"Accueil\",\"item\":\"https:\\\/\\\/www.arco-group.be\\\/\"},{\"@type\":\"ListItem\",\"position\":2,\"name\":\"Politique de confidentialit\u00e9\"}]},{\"@type\":\"WebSite\",\"@id\":\"https:\\\/\\\/www.arco-group.be\\\/#website\",\"url\":\"https:\\\/\\\/www.arco-group.be\\\/\",\"name\":\"ARCO Group\",\"description\":\"Entreprise de construction en r\u00e9gion Li\u00e9geoise\",\"potentialAction\":[{\"@type\":\"SearchAction\",\"target\":{\"@type\":\"EntryPoint\",\"urlTemplate\":\"https:\\\/\\\/www.arco-group.be\\\/?s={search_term_string}\"},\"query-input\":{\"@type\":\"PropertyValueSpecification\",\"valueRequired\":true,\"valueName\":\"search_term_string\"}}],\"inLanguage\":\"en-US\"}]}<\/script>\n<!-- \/ Yoast SEO plugin. -->","yoast_head_json":{"title":"Politique de confidentialit\u00e9 - ARCO Group","robots":{"index":"index","follow":"follow","max-snippet":"max-snippet:-1","max-image-preview":"max-image-preview:large","max-video-preview":"max-video-preview:-1"},"canonical":"https:\/\/www.arco-group.be\/index.php\/politique-de-confidentialite\/","og_locale":"en_US","og_type":"article","og_title":"Politique de confidentialit\u00e9 - ARCO Group","og_description":"Qui sommes-nous\u00a0? L\u2019adresse de notre site Web est : https:\/\/arco-group.be. L\u2019acc\u00e8s \u00e0 ce site se fait sous r\u00e9serve de l\u2019acceptation des conditions ci-dessous. Le nom de domaine et le site appartiennent \u00e0 Arco Group28 Rue Basse Hermalle 4600 VIS\u00c9TVA: BE763.525.701 H\u00e9bergeur:OVHSAS au capital de 10 069 020 \u20acRCS Lille M\u00e9tropole 424 761 419 00045Code APE [&hellip;]","og_url":"https:\/\/www.arco-group.be\/index.php\/politique-de-confidentialite\/","og_site_name":"ARCO Group","article_modified_time":"2021-05-03T13:41:39+00:00","twitter_card":"summary_large_image","twitter_misc":{"Est. reading time":"4 minutes"},"schema":{"@context":"https:\/\/schema.org","@graph":[{"@type":"WebPage","@id":"https:\/\/www.arco-group.be\/index.php\/politique-de-confidentialite\/","url":"https:\/\/www.arco-group.be\/index.php\/politique-de-confidentialite\/","name":"Politique de confidentialit\u00e9 - ARCO Group","isPartOf":{"@id":"https:\/\/www.arco-group.be\/#website"},"datePublished":"2021-03-25T23:12:25+00:00","dateModified":"2021-05-03T13:41:39+00:00","breadcrumb":{"@id":"https:\/\/www.arco-group.be\/index.php\/politique-de-confidentialite\/#breadcrumb"},"inLanguage":"en-US","potentialAction":[{"@type":"ReadAction","target":["https:\/\/www.arco-group.be\/index.php\/politique-de-confidentialite\/"]}]},{"@type":"BreadcrumbList","@id":"https:\/\/www.arco-group.be\/index.php\/politique-de-confidentialite\/#breadcrumb","itemListElement":[{"@type":"ListItem","position":1,"name":"Accueil","item":"https:\/\/www.arco-group.be\/"},{"@type":"ListItem","position":2,"name":"Politique de confidentialit\u00e9"}]},{"@type":"WebSite","@id":"https:\/\/www.arco-group.be\/#website","url":"https:\/\/www.arco-group.be\/","name":"ARCO Group","description":"Entreprise de construction en r\u00e9gion Li\u00e9geoise","potentialAction":[{"@type":"SearchAction","target":{"@type":"EntryPoint","urlTemplate":"https:\/\/www.arco-group.be\/?s={search_term_string}"},"query-input":{"@type":"PropertyValueSpecification","valueRequired":true,"valueName":"search_term_string"}}],"inLanguage":"en-US"}]}},"jetpack_sharing_enabled":true,"_links":{"self":[{"href":"https:\/\/www.arco-group.be\/index.php\/wp-json\/wp\/v2\/pages\/3","targetHints":{"allow":["GET"]}}],"collection":[{"href":"https:\/\/www.arco-group.be\/index.php\/wp-json\/wp\/v2\/pages"}],"about":[{"href":"https:\/\/www.arco-group.be\/index.php\/wp-json\/wp\/v2\/types\/page"}],"author":[{"embeddable":true,"href":"https:\/\/www.arco-group.be\/index.php\/wp-json\/wp\/v2\/users\/1"}],"replies":[{"embeddable":true,"href":"https:\/\/www.arco-group.be\/index.php\/wp-json\/wp\/v2\/comments?post=3"}],"version-history":[{"count":5,"href":"https:\/\/www.arco-group.be\/index.php\/wp-json\/wp\/v2\/pages\/3\/revisions"}],"predecessor-version":[{"id":938,"href":"https:\/\/www.arco-group.be\/index.php\/wp-json\/wp\/v2\/pages\/3\/revisions\/938"}],"wp:attachment":[{"href":"https:\/\/www.arco-group.be\/index.php\/wp-json\/wp\/v2\/media?parent=3"}],"curies":[{"name":"wp","href":"https:\/\/api.w.org\/{rel}","templated":true}]}}